{"id":1412,"date":"2025-05-22T11:55:18","date_gmt":"2025-05-22T09:55:18","guid":{"rendered":"https:\/\/hotelportman.com\/?page_id=1412"},"modified":"2025-05-26T10:25:20","modified_gmt":"2025-05-26T08:25:20","slug":"la-bahia-de-portman","status":"publish","type":"page","link":"https:\/\/hotelportman.com\/en\/la-bahia-de-portman\/","title":{"rendered":"La Bah\u00eda de Portm\u00e1n"},"content":{"rendered":"\t\t<div data-elementor-type=\"wp-page\" data-elementor-id=\"1412\" class=\"elementor elementor-1412\" data-elementor-post-type=\"page\">\n\t\t\t\t<div class=\"elementor-element elementor-element-40f6892 e-flex e-con-boxed e-con e-parent\" data-id=\"40f6892\" data-element_type=\"container\" data-e-type=\"container\" data-settings=\"{&quot;background_background&quot;:&quot;classic&quot;}\">\n\t\t\t\t\t<div class=\"e-con-inner\">\n\t\t\t\t<div class=\"elementor-element elementor-element-38148db elementor-widget elementor-widget-heading\" data-id=\"38148db\" data-element_type=\"widget\" data-e-type=\"widget\" data-widget_type=\"heading.default\">\n\t\t\t\t<div class=\"elementor-widget-container\">\n\t\t\t\t\t<h1 class=\"elementor-heading-title elementor-size-default\"><b>La Bah\u00eda<\/b> de Portm\u00e1n<\/h1>\t\t\t\t<\/div>\n\t\t\t\t<\/div>\n\t\t\t\t<div class=\"elementor-element elementor-element-ab0e0e9 elementor-align-center elementor-widget elementor-widget-button\" data-id=\"ab0e0e9\" data-element_type=\"widget\" data-e-type=\"widget\" data-widget_type=\"button.default\">\n\t\t\t\t<div class=\"elementor-widget-container\">\n\t\t\t\t\t\t\t\t\t<div class=\"elementor-button-wrapper\">\n\t\t\t\t\t<a class=\"elementor-button elementor-button-link elementor-size-sm\" href=\"https:\/\/booking.avirato.com\/?code=88002790\" target=\"_blank\">\n\t\t\t\t\t\t<span class=\"elementor-button-content-wrapper\">\n\t\t\t\t\t\t\t\t\t<span class=\"elementor-button-text\">Reserva ya tu estancia en Hotel Portm\u00e1n<\/span>\n\t\t\t\t\t<\/span>\n\t\t\t\t\t<\/a>\n\t\t\t\t<\/div>\n\t\t\t\t\t\t\t\t<\/div>\n\t\t\t\t<\/div>\n\t\t\t\t\t<\/div>\n\t\t\t\t<\/div>\n\t\t<div class=\"elementor-element elementor-element-8507190 e-flex e-con-boxed e-con e-parent\" data-id=\"8507190\" data-element_type=\"container\" data-e-type=\"container\">\n\t\t\t\t\t<div class=\"e-con-inner\">\n\t\t\t\t<div class=\"elementor-element elementor-element-9f32a26 elementor-widget elementor-widget-heading\" data-id=\"9f32a26\" data-element_type=\"widget\" data-e-type=\"widget\" data-widget_type=\"heading.default\">\n\t\t\t\t<div class=\"elementor-widget-container\">\n\t\t\t\t\t<h2 class=\"elementor-heading-title elementor-size-default\">Un Tesoro Escondido en la Costa de Murcia<\/h2>\t\t\t\t<\/div>\n\t\t\t\t<\/div>\n\t\t\t\t<div class=\"elementor-element elementor-element-028cef8 elementor-widget elementor-widget-heading\" data-id=\"028cef8\" data-element_type=\"widget\" data-e-type=\"widget\" data-widget_type=\"heading.default\">\n\t\t\t\t<div class=\"elementor-widget-container\">\n\t\t\t\t\t<h2 class=\"elementor-heading-title elementor-size-default\">Descubre la <b>bah\u00eda<\/b> de Portm\u00e1n<\/h2>\t\t\t\t<\/div>\n\t\t\t\t<\/div>\n\t\t\t\t<div class=\"elementor-element elementor-element-3ce1ea8 elementor-widget__width-initial elementor-widget elementor-widget-text-editor\" data-id=\"3ce1ea8\" data-element_type=\"widget\" data-e-type=\"widget\" data-widget_type=\"text-editor.default\">\n\t\t\t\t<div class=\"elementor-widget-container\">\n\t\t\t\t\t\t\t\t\t<p style=\"text-align: center;\">La <strong data-start=\"227\" data-end=\"247\">Bah\u00eda de Portm\u00e1n<\/strong> es uno de los enclaves m\u00e1s singulares y cautivadores del litoral mediterr\u00e1neo. Rodeada por las estribaciones de la Sierra Minera de La Uni\u00f3n, esta bah\u00eda ofrece una combinaci\u00f3n \u00fanica de <strong data-start=\"433\" data-end=\"496\">paisajes naturales, legado hist\u00f3rico y tranquilidad costera<\/strong>.<\/p><p style=\"text-align: center;\">La Bah\u00eda de Portm\u00e1n es, en definitiva, un lugar donde el viajero puede <strong data-start=\"1504\" data-end=\"1598\">descansar, descubrir y redescubrir la historia y belleza de una costa con identidad propia<\/strong>.<\/p>\t\t\t\t\t\t\t\t<\/div>\n\t\t\t\t<\/div>\n\t\t\t\t<div class=\"elementor-element elementor-element-f17a06b elementor-align-center elementor-invisible elementor-widget elementor-widget-button\" data-id=\"f17a06b\" data-element_type=\"widget\" data-e-type=\"widget\" data-settings=\"{&quot;_animation&quot;:&quot;fadeInRight&quot;}\" data-widget_type=\"button.default\">\n\t\t\t\t<div class=\"elementor-widget-container\">\n\t\t\t\t\t\t\t\t\t<div class=\"elementor-button-wrapper\">\n\t\t\t\t\t<a class=\"elementor-button elementor-button-link elementor-size-sm\" href=\"https:\/\/booking.avirato.com\/?code=88002790\" target=\"_blank\">\n\t\t\t\t\t\t<span class=\"elementor-button-content-wrapper\">\n\t\t\t\t\t\t\t\t\t<span class=\"elementor-button-text\">Reserva tu estancia en Portm\u00e1n<\/span>\n\t\t\t\t\t<\/span>\n\t\t\t\t\t<\/a>\n\t\t\t\t<\/div>\n\t\t\t\t\t\t\t\t<\/div>\n\t\t\t\t<\/div>\n\t\t\t\t\t<\/div>\n\t\t\t\t<\/div>\n\t\t<div class=\"elementor-element elementor-element-dfce797 e-flex e-con-boxed e-con e-parent\" data-id=\"dfce797\" data-element_type=\"container\" data-e-type=\"container\">\n\t\t\t\t\t<div class=\"e-con-inner\">\n\t\t<div class=\"elementor-element elementor-element-68fe3f9 e-con-full e-flex e-con e-child\" data-id=\"68fe3f9\" data-element_type=\"container\" data-e-type=\"container\" data-settings=\"{&quot;background_background&quot;:&quot;classic&quot;}\">\n\t\t\t\t<\/div>\n\t\t<div class=\"elementor-element elementor-element-4dd9b7c e-con-full e-flex e-con e-child\" data-id=\"4dd9b7c\" data-element_type=\"container\" data-e-type=\"container\">\n\t\t\t\t<div class=\"elementor-element elementor-element-e7bd8c5 elementor-widget elementor-widget-heading\" data-id=\"e7bd8c5\" data-element_type=\"widget\" data-e-type=\"widget\" data-widget_type=\"heading.default\">\n\t\t\t\t<div class=\"elementor-widget-container\">\n\t\t\t\t\t<h2 class=\"elementor-heading-title elementor-size-default\">La Playa del Lastre<\/h2>\t\t\t\t<\/div>\n\t\t\t\t<\/div>\n\t\t\t\t<div class=\"elementor-element elementor-element-0ad3f9e elementor-widget elementor-widget-text-editor\" data-id=\"0ad3f9e\" data-element_type=\"widget\" data-e-type=\"widget\" data-widget_type=\"text-editor.default\">\n\t\t\t\t<div class=\"elementor-widget-container\">\n\t\t\t\t\t\t\t\t\t<p class=\"\" style=\"text-align: justify;\" data-start=\"628\" data-end=\"1051\">A pesar de su pasado marcado por la actividad minera, Portm\u00e1n ha sabido resurgir como un destino ideal para quienes buscan <strong data-start=\"622\" data-end=\"697\">conectar con la naturaleza, explorar senderos con vistas espectaculares<\/strong> o simplemente disfrutar de un ba\u00f1o relajante en una peque\u00f1a cala con encanto. La <strong data-start=\"779\" data-end=\"799\">playa del Lastre<\/strong>, con sus aguas tranquilas y fondo marino rico en biodiversidad, es perfecta para nadar y practicar snorkel.<\/p>\t\t\t\t\t\t\t\t<\/div>\n\t\t\t\t<\/div>\n\t\t\t\t<\/div>\n\t\t\t\t\t<\/div>\n\t\t\t\t<\/div>\n\t\t<div class=\"elementor-element elementor-element-3c58d7e e-flex e-con-boxed e-con e-parent\" data-id=\"3c58d7e\" data-element_type=\"container\" data-e-type=\"container\">\n\t\t\t\t\t<div class=\"e-con-inner\">\n\t\t<div class=\"elementor-element elementor-element-5e8be19 e-con-full e-flex e-con e-child\" data-id=\"5e8be19\" data-element_type=\"container\" data-e-type=\"container\" data-settings=\"{&quot;background_background&quot;:&quot;classic&quot;}\">\n\t\t\t\t<\/div>\n\t\t<div class=\"elementor-element elementor-element-bfc5edb e-con-full e-flex e-con e-child\" data-id=\"bfc5edb\" data-element_type=\"container\" data-e-type=\"container\">\n\t\t\t\t<div class=\"elementor-element elementor-element-6b10e51 elementor-widget elementor-widget-heading\" data-id=\"6b10e51\" data-element_type=\"widget\" data-e-type=\"widget\" data-widget_type=\"heading.default\">\n\t\t\t\t<div class=\"elementor-widget-container\">\n\t\t\t\t\t<h2 class=\"elementor-heading-title elementor-size-default\">Monte de las Cenizas y Pe\u00f1a del \u00c1guila<\/h2>\t\t\t\t<\/div>\n\t\t\t\t<\/div>\n\t\t\t\t<div class=\"elementor-element elementor-element-b5933ac elementor-widget elementor-widget-text-editor\" data-id=\"b5933ac\" data-element_type=\"widget\" data-e-type=\"widget\" data-widget_type=\"text-editor.default\">\n\t\t\t\t<div class=\"elementor-widget-container\">\n\t\t\t\t\t\t\t\t\t<p style=\"text-align: justify;\" data-start=\"312\" data-end=\"591\">Si buscas una escapada diferente, llena de historia, paisajes espectaculares y aire puro, el <strong data-start=\"405\" data-end=\"429\">Monte de las Cenizas<\/strong> y la <strong data-start=\"435\" data-end=\"454\">Pe\u00f1a del \u00c1guila<\/strong> te est\u00e1n esperando en pleno coraz\u00f3n del Parque Regional de Calblanque.<\/p><p style=\"text-align: justify;\" data-start=\"593\" data-end=\"1040\">Caminar por estos senderos es adentrarse en un entorno natural protegido, con <strong data-start=\"671\" data-end=\"715\">vistas privilegiadas al mar Mediterr\u00e1neo<\/strong> y a la Bah\u00eda de Portm\u00e1n. A lo largo del recorrido, descubrir\u00e1s una exuberante vegetaci\u00f3n mediterr\u00e1nea, antiguos caminos militares y construcciones defensivas que datan de principios del siglo XX, como las imponentes <strong data-start=\"932\" data-end=\"978\">bater\u00edas de costa del Monte de las Cenizas<\/strong>, con sus enormes ca\u00f1ones que parecen sacados de una pel\u00edcula.<\/p>\t\t\t\t\t\t\t\t<\/div>\n\t\t\t\t<\/div>\n\t\t\t\t<\/div>\n\t\t\t\t\t<\/div>\n\t\t\t\t<\/div>\n\t\t<div class=\"elementor-element elementor-element-20f1ddf e-flex e-con-boxed e-con e-parent\" data-id=\"20f1ddf\" data-element_type=\"container\" data-e-type=\"container\">\n\t\t\t\t\t<div class=\"e-con-inner\">\n\t\t<div class=\"elementor-element elementor-element-a5a586d e-con-full e-flex e-con e-child\" data-id=\"a5a586d\" data-element_type=\"container\" data-e-type=\"container\" data-settings=\"{&quot;background_background&quot;:&quot;classic&quot;}\">\n\t\t\t\t<\/div>\n\t\t<div class=\"elementor-element elementor-element-4f71699 e-con-full e-flex e-con e-child\" data-id=\"4f71699\" data-element_type=\"container\" data-e-type=\"container\">\n\t\t\t\t<div class=\"elementor-element elementor-element-618b391 elementor-widget elementor-widget-heading\" data-id=\"618b391\" data-element_type=\"widget\" data-e-type=\"widget\" data-widget_type=\"heading.default\">\n\t\t\t\t<div class=\"elementor-widget-container\">\n\t\t\t\t\t<h2 class=\"elementor-heading-title elementor-size-default\">Teatro Romano de Cartagena<\/h2>\t\t\t\t<\/div>\n\t\t\t\t<\/div>\n\t\t\t\t<div class=\"elementor-element elementor-element-37854a3 elementor-widget elementor-widget-text-editor\" data-id=\"37854a3\" data-element_type=\"widget\" data-e-type=\"widget\" data-widget_type=\"text-editor.default\">\n\t\t\t\t<div class=\"elementor-widget-container\">\n\t\t\t\t\t\t\t\t\t<p class=\"\" style=\"text-align: justify;\" data-start=\"628\" data-end=\"1051\">Si visitas Cartagena, hay un lugar que no te puedes perder: el <strong data-start=\"250\" data-end=\"267\">Teatro Romano<\/strong>, uno de los monumentos m\u00e1s impresionantes y sorprendentes de toda la regi\u00f3n de Murcia.<\/p><p style=\"text-align: justify;\" data-start=\"628\" data-end=\"1051\">Visitar el Teatro Romano de Cartagena es una <strong data-start=\"1167\" data-end=\"1197\">aventura para los sentidos<\/strong>, ideal para familias, amantes de la historia o cualquier viajero que desee <strong data-start=\"1273\" data-end=\"1307\">descubrir el alma de la ciudad<\/strong>. Adem\u00e1s, su ubicaci\u00f3n en pleno casco antiguo te permite combinar la visita con un paseo por las calles hist\u00f3ricas, una comida junto al puerto o una ruta por otros rincones llenos de encanto.<\/p>\t\t\t\t\t\t\t\t<\/div>\n\t\t\t\t<\/div>\n\t\t\t\t<\/div>\n\t\t\t\t\t<\/div>\n\t\t\t\t<\/div>\n\t\t\t\t<\/div>\n\t\t","protected":false},"excerpt":{"rendered":"<p>La Bah\u00eda de Portm\u00e1n Reserva ya tu estancia en Hotel Portm\u00e1n Un Tesoro Escondido en la Costa de Murcia Descubre la bah\u00eda de Portm\u00e1n La Bah\u00eda de Portm\u00e1n es uno de los enclaves m\u00e1s singulares y cautivadores del litoral mediterr\u00e1neo. Rodeada por las estribaciones de la Sierra Minera de La Uni\u00f3n, esta bah\u00eda ofrece una [&hellip;]<\/p>\n","protected":false},"author":1,"featured_media":0,"parent":0,"menu_order":0,"comment_status":"closed","ping_status":"closed","template":"elementor_header_footer","meta":{"footnotes":""},"class_list":["post-1412","page","type-page","status-publish","hentry"],"_links":{"self":[{"href":"https:\/\/hotelportman.com\/en\/wp-json\/wp\/v2\/pages\/1412","targetHints":{"allow":["GET"]}}],"collection":[{"href":"https:\/\/hotelportman.com\/en\/wp-json\/wp\/v2\/pages"}],"about":[{"href":"https:\/\/hotelportman.com\/en\/wp-json\/wp\/v2\/types\/page"}],"author":[{"embeddable":true,"href":"https:\/\/hotelportman.com\/en\/wp-json\/wp\/v2\/users\/1"}],"replies":[{"embeddable":true,"href":"https:\/\/hotelportman.com\/en\/wp-json\/wp\/v2\/comments?post=1412"}],"version-history":[{"count":47,"href":"https:\/\/hotelportman.com\/en\/wp-json\/wp\/v2\/pages\/1412\/revisions"}],"predecessor-version":[{"id":1577,"href":"https:\/\/hotelportman.com\/en\/wp-json\/wp\/v2\/pages\/1412\/revisions\/1577"}],"wp:attachment":[{"href":"https:\/\/hotelportman.com\/en\/wp-json\/wp\/v2\/media?parent=1412"}],"curies":[{"name":"wp","href":"https:\/\/api.w.org\/{rel}","templated":true}]}}

La Bahía de Portmán

<div data-elementor-type="wp-page" data-elementor-id="1412" class="elementor elementor-1412" data-elementor-post-type="page">
				<div class="elementor-element elementor-element-40f6892 e-flex e-con-boxed e-con e-parent" data-id="40f6892" data-element_type="container" data-e-type="container" data-settings="{&quot;background_background&quot;:&quot;classic&quot;}">
					<div class="e-con-inner">
				<div class="elementor-element elementor-element-38148db elementor-widget elementor-widget-heading" data-id="38148db" data-element_type="widget" data-e-type="widget" data-widget_type="heading.default">
				<div class="elementor-widget-container">
					<h1 class="elementor-heading-title elementor-size-default"><b>La Bahía</b> de Portmán</h1>				</div>
				</div>
				<div class="elementor-element elementor-element-ab0e0e9 elementor-align-center elementor-widget elementor-widget-button" data-id="ab0e0e9" data-element_type="widget" data-e-type="widget" data-widget_type="button.default">
				<div class="elementor-widget-container">
									<div class="elementor-button-wrapper">
					<a class="elementor-button elementor-button-link elementor-size-sm" href="https://booking.avirato.com/?code=88002790" target="_blank">
						<span class="elementor-button-content-wrapper">
									<span class="elementor-button-text">Reserva ya tu estancia en Hotel Portmán</span>
					</span>
					</a>
				</div>
								</div>
				</div>
					</div>
				</div>
		<div class="elementor-element elementor-element-8507190 e-flex e-con-boxed e-con e-parent" data-id="8507190" data-element_type="container" data-e-type="container">
					<div class="e-con-inner">
				<div class="elementor-element elementor-element-9f32a26 elementor-widget elementor-widget-heading" data-id="9f32a26" data-element_type="widget" data-e-type="widget" data-widget_type="heading.default">
				<div class="elementor-widget-container">
					<h2 class="elementor-heading-title elementor-size-default">Un Tesoro Escondido en la Costa de Murcia</h2>				</div>
				</div>
				<div class="elementor-element elementor-element-028cef8 elementor-widget elementor-widget-heading" data-id="028cef8" data-element_type="widget" data-e-type="widget" data-widget_type="heading.default">
				<div class="elementor-widget-container">
					<h2 class="elementor-heading-title elementor-size-default">Descubre la <b>bahía</b> de Portmán</h2>				</div>
				</div>
				<div class="elementor-element elementor-element-3ce1ea8 elementor-widget__width-initial elementor-widget elementor-widget-text-editor" data-id="3ce1ea8" data-element_type="widget" data-e-type="widget" data-widget_type="text-editor.default">
				<div class="elementor-widget-container">
									<p style="text-align: center;">La <strong data-start="227" data-end="247">Bahía de Portmán</strong> es uno de los enclaves más singulares y cautivadores del litoral mediterráneo. Rodeada por las estribaciones de la Sierra Minera de La Unión, esta bahía ofrece una combinación única de <strong data-start="433" data-end="496">paisajes naturales, legado histórico y tranquilidad costera</strong>.</p><p style="text-align: center;">La Bahía de Portmán es, en definitiva, un lugar donde el viajero puede <strong data-start="1504" data-end="1598">descansar, descubrir y redescubrir la historia y belleza de una costa con identidad propia</strong>.</p>								</div>
				</div>
				<div class="elementor-element elementor-element-f17a06b elementor-align-center elementor-invisible elementor-widget elementor-widget-button" data-id="f17a06b" data-element_type="widget" data-e-type="widget" data-settings="{&quot;_animation&quot;:&quot;fadeInRight&quot;}" data-widget_type="button.default">
				<div class="elementor-widget-container">
									<div class="elementor-button-wrapper">
					<a class="elementor-button elementor-button-link elementor-size-sm" href="https://booking.avirato.com/?code=88002790" target="_blank">
						<span class="elementor-button-content-wrapper">
									<span class="elementor-button-text">Reserva tu estancia en Portmán</span>
					</span>
					</a>
				</div>
								</div>
				</div>
					</div>
				</div>
		<div class="elementor-element elementor-element-dfce797 e-flex e-con-boxed e-con e-parent" data-id="dfce797" data-element_type="container" data-e-type="container">
					<div class="e-con-inner">
		<div class="elementor-element elementor-element-68fe3f9 e-con-full e-flex e-con e-child" data-id="68fe3f9" data-element_type="container" data-e-type="container" data-settings="{&quot;background_background&quot;:&quot;classic&quot;}">
				</div>
		<div class="elementor-element elementor-element-4dd9b7c e-con-full e-flex e-con e-child" data-id="4dd9b7c" data-element_type="container" data-e-type="container">
				<div class="elementor-element elementor-element-e7bd8c5 elementor-widget elementor-widget-heading" data-id="e7bd8c5" data-element_type="widget" data-e-type="widget" data-widget_type="heading.default">
				<div class="elementor-widget-container">
					<h2 class="elementor-heading-title elementor-size-default">La Playa del Lastre</h2>				</div>
				</div>
				<div class="elementor-element elementor-element-0ad3f9e elementor-widget elementor-widget-text-editor" data-id="0ad3f9e" data-element_type="widget" data-e-type="widget" data-widget_type="text-editor.default">
				<div class="elementor-widget-container">
									<p class="" style="text-align: justify;" data-start="628" data-end="1051">A pesar de su pasado marcado por la actividad minera, Portmán ha sabido resurgir como un destino ideal para quienes buscan <strong data-start="622" data-end="697">conectar con la naturaleza, explorar senderos con vistas espectaculares</strong> o simplemente disfrutar de un baño relajante en una pequeña cala con encanto. La <strong data-start="779" data-end="799">playa del Lastre</strong>, con sus aguas tranquilas y fondo marino rico en biodiversidad, es perfecta para nadar y practicar snorkel.</p>								</div>
				</div>
				</div>
					</div>
				</div>
		<div class="elementor-element elementor-element-3c58d7e e-flex e-con-boxed e-con e-parent" data-id="3c58d7e" data-element_type="container" data-e-type="container">
					<div class="e-con-inner">
		<div class="elementor-element elementor-element-5e8be19 e-con-full e-flex e-con e-child" data-id="5e8be19" data-element_type="container" data-e-type="container" data-settings="{&quot;background_background&quot;:&quot;classic&quot;}">
				</div>
		<div class="elementor-element elementor-element-bfc5edb e-con-full e-flex e-con e-child" data-id="bfc5edb" data-element_type="container" data-e-type="container">
				<div class="elementor-element elementor-element-6b10e51 elementor-widget elementor-widget-heading" data-id="6b10e51" data-element_type="widget" data-e-type="widget" data-widget_type="heading.default">
				<div class="elementor-widget-container">
					<h2 class="elementor-heading-title elementor-size-default">Monte de las Cenizas y Peña del Águila</h2>				</div>
				</div>
				<div class="elementor-element elementor-element-b5933ac elementor-widget elementor-widget-text-editor" data-id="b5933ac" data-element_type="widget" data-e-type="widget" data-widget_type="text-editor.default">
				<div class="elementor-widget-container">
									<p style="text-align: justify;" data-start="312" data-end="591">Si buscas una escapada diferente, llena de historia, paisajes espectaculares y aire puro, el <strong data-start="405" data-end="429">Monte de las Cenizas</strong> y la <strong data-start="435" data-end="454">Peña del Águila</strong> te están esperando en pleno corazón del Parque Regional de Calblanque.</p><p style="text-align: justify;" data-start="593" data-end="1040">Caminar por estos senderos es adentrarse en un entorno natural protegido, con <strong data-start="671" data-end="715">vistas privilegiadas al mar Mediterráneo</strong> y a la Bahía de Portmán. A lo largo del recorrido, descubrirás una exuberante vegetación mediterránea, antiguos caminos militares y construcciones defensivas que datan de principios del siglo XX, como las imponentes <strong data-start="932" data-end="978">baterías de costa del Monte de las Cenizas</strong>, con sus enormes cañones que parecen sacados de una película.</p>								</div>
				</div>
				</div>
					</div>
				</div>
		<div class="elementor-element elementor-element-20f1ddf e-flex e-con-boxed e-con e-parent" data-id="20f1ddf" data-element_type="container" data-e-type="container">
					<div class="e-con-inner">
		<div class="elementor-element elementor-element-a5a586d e-con-full e-flex e-con e-child" data-id="a5a586d" data-element_type="container" data-e-type="container" data-settings="{&quot;background_background&quot;:&quot;classic&quot;}">
				</div>
		<div class="elementor-element elementor-element-4f71699 e-con-full e-flex e-con e-child" data-id="4f71699" data-element_type="container" data-e-type="container">
				<div class="elementor-element elementor-element-618b391 elementor-widget elementor-widget-heading" data-id="618b391" data-element_type="widget" data-e-type="widget" data-widget_type="heading.default">
				<div class="elementor-widget-container">
					<h2 class="elementor-heading-title elementor-size-default">Teatro Romano de Cartagena</h2>				</div>
				</div>
				<div class="elementor-element elementor-element-37854a3 elementor-widget elementor-widget-text-editor" data-id="37854a3" data-element_type="widget" data-e-type="widget" data-widget_type="text-editor.default">
				<div class="elementor-widget-container">
									<p class="" style="text-align: justify;" data-start="628" data-end="1051">Si visitas Cartagena, hay un lugar que no te puedes perder: el <strong data-start="250" data-end="267">Teatro Romano</strong>, uno de los monumentos más impresionantes y sorprendentes de toda la región de Murcia.</p><p style="text-align: justify;" data-start="628" data-end="1051">Visitar el Teatro Romano de Cartagena es una <strong data-start="1167" data-end="1197">aventura para los sentidos</strong>, ideal para familias, amantes de la historia o cualquier viajero que desee <strong data-start="1273" data-end="1307">descubrir el alma de la ciudad</strong>. Además, su ubicación en pleno casco antiguo te permite combinar la visita con un paseo por las calles históricas, una comida junto al puerto o una ruta por otros rincones llenos de encanto.</p>								</div>
				</div>
				</div>
					</div>
				</div>
				</div>

<p>La Bahía de Portmán Reserva ya tu estancia en Hotel Portmán Un Tesoro Escondido en la Costa de Murcia Descubre la bahía de Portmán La Bahía de Portmán es uno de los enclaves más singulares y cautivadores del litoral mediterráneo. Rodeada por las estribaciones de la Sierra Minera de La Unión, esta bahía ofrece una [&hellip;]</p>
